{"id":6083,"date":"2022-09-26T17:26:17","date_gmt":"2022-09-26T15:26:17","guid":{"rendered":"http:\/\/eoihuesca.org\/?page_id=6083"},"modified":"2022-12-14T13:31:15","modified_gmt":"2022-12-14T12:31:15","slug":"sol-acin","status":"publish","type":"page","link":"https:\/\/eoihuesca.org\/?page_id=6083","title":{"rendered":"Sol Ac\u00edn"},"content":{"rendered":"\n<p><a href=\"https:\/\/fundacionacin.org\/sol-acin-monras\/\">Conoce la figura de Sol Ac\u00edn Monr\u00e1s en fundacionacin.org<\/a><\/p>\n\n\n\n<figure class=\"wp-block-image size-medium is-style-rounded\"><a href=\"https:\/\/eoihuesca.org\/wp-content\/uploads\/2022\/09\/photo.jpg\"><img loading=\"lazy\" width=\"300\" height=\"300\" src=\"https:\/\/eoihuesca.org\/wp-content\/uploads\/2022\/09\/photo-300x300.jpg\" alt=\"\" class=\"wp-image-6086\" srcset=\"https:\/\/eoihuesca.org\/wp-content\/uploads\/2022\/09\/photo-300x300.jpg 300w, https:\/\/eoihuesca.org\/wp-content\/uploads\/2022\/09\/photo-150x150.jpg 150w, https:\/\/eoihuesca.org\/wp-content\/uploads\/2022\/09\/photo.jpg 566w\" sizes=\"(max-width: 300px) 100vw, 300px\" \/><\/a><\/figure>\n\n\n\n<p> <\/p>\n\n\n\n<figure class=\"wp-block-embed is-type-video is-provider-youtube wp-block-embed-youtube wp-embed-aspect-16-9 wp-has-aspect-ratio\"><div class=\"wp-block-embed__wrapper\">\n<iframe loading=\"lazy\" title=\"Sol Ac\u00edn Monr\u00e1s. La memoria del para\u00edso\" width=\"625\" height=\"352\" src=\"https:\/\/www.youtube.com\/embed\/HXsV-KJE7xA?feature=oembed\" frameborder=\"0\" allow=\"accelerometer; autoplay; clipboard-write; encrypted-media; gyroscope; picture-in-picture; web-share\" referrerpolicy=\"strict-origin-when-cross-origin\" allowfullscreen><\/iframe>\n<\/div><figcaption>Charla de Victor Juan, 30 de diciembre de 2022<\/figcaption><\/figure>\n\n\n\n<figure class=\"wp-block-embed is-type-video is-provider-youtube wp-block-embed-youtube wp-embed-aspect-16-9 wp-has-aspect-ratio\"><div class=\"wp-block-embed__wrapper\">\n<iframe loading=\"lazy\" title=\"Homenaje a Sol Ac\u00edn Monr\u00e1s\" width=\"625\" height=\"352\" src=\"https:\/\/www.youtube.com\/embed\/e9DF6go4SkI?feature=oembed\" frameborder=\"0\" allow=\"accelerometer; autoplay; clipboard-write; encrypted-media; gyroscope; picture-in-picture; web-share\" referrerpolicy=\"strict-origin-when-cross-origin\" allowfullscreen><\/iframe>\n<\/div><figcaption>Acto celebrado el d\u00eda 2 de diciembre de 2022<\/figcaption><\/figure>\n","protected":false},"excerpt":{"rendered":"<p>Conoce la figura de Sol Ac\u00edn Monr\u00e1s en fundacionacin.org<\/p>\n","protected":false},"author":5,"featured_media":0,"parent":0,"menu_order":8,"comment_status":"closed","ping_status":"closed","template":"","meta":[],"_links":{"self":[{"href":"https:\/\/eoihuesca.org\/index.php?rest_route=\/wp\/v2\/pages\/6083"}],"collection":[{"href":"https:\/\/eoihuesca.org\/index.php?rest_route=\/wp\/v2\/pages"}],"about":[{"href":"https:\/\/eoihuesca.org\/index.php?rest_route=\/wp\/v2\/types\/page"}],"author":[{"embeddable":true,"href":"https:\/\/eoihuesca.org\/index.php?rest_route=\/wp\/v2\/users\/5"}],"replies":[{"embeddable":true,"href":"https:\/\/eoihuesca.org\/index.php?rest_route=%2Fwp%2Fv2%2Fcomments&post=6083"}],"version-history":[{"count":10,"href":"https:\/\/eoihuesca.org\/index.php?rest_route=\/wp\/v2\/pages\/6083\/revisions"}],"predecessor-version":[{"id":6198,"href":"https:\/\/eoihuesca.org\/index.php?rest_route=\/wp\/v2\/pages\/6083\/revisions\/6198"}],"wp:attachment":[{"href":"https:\/\/eoihuesca.org\/index.php?rest_route=%2Fwp%2Fv2%2Fmedia&parent=6083"}],"curies":[{"name":"wp","href":"https:\/\/api.w.org\/{rel}","templated":true}]}}