{"id":4890,"date":"2020-05-31T12:20:07","date_gmt":"2020-05-31T10:20:07","guid":{"rendered":"http:\/\/eoihuesca.org\/?page_id=4890"},"modified":"2025-09-27T16:29:42","modified_gmt":"2025-09-27T14:29:42","slug":"admision-2","status":"publish","type":"page","link":"https:\/\/eoihuesca.org\/?page_id=4890","title":{"rendered":"Admisi\u00f3n: That&#8217;s English"},"content":{"rendered":"\n<div class=\"wp-container-3 wp-block-group\"><div class=\"wp-block-group__inner-container\">\n<div class=\"wp-container-2 wp-block-group\"><div class=\"wp-block-group__inner-container\">\n<div class=\"wp-container-1 wp-block-group\"><div class=\"wp-block-group__inner-container\">\n<ul><li><a href=\"https:\/\/eoihuesca.org\/admision\/orden_admision.pdf\">Convocatoria de admisi\u00f3n al curso 2025-2026 (apartado Vigesimoprimero)<\/a><ul><li><a href=\"https:\/\/eoihuesca.org\/thatsenglish\/calendario_admision_TE.pdf\">Calendario de admisi\u00f3n<\/a><\/li><\/ul><\/li><\/ul>\n\n\n\n<ul><li>Pruebas de clasificaci\u00f3n: <ul><li><a href=\"https:\/\/eoihuesca.org\/thatsenglish\/VIA_instrucciones.pdf\">Calendario&nbsp;y descripci\u00f3n<\/a><\/li><li>Resultados: consultar accediendo a la p\u00e1gina de preinscripci\u00f3n<\/li><\/ul><\/li><\/ul>\n\n\n\n<ul><li>Vacantes: <a href=\"https:\/\/eoihuesca.org\/thatsenglish\/vacantesTE.pdf\">a fecha 26\/09\/2025<\/a> <\/li><\/ul>\n<\/div><\/div>\n<\/div><\/div>\n<\/div><\/div>\n\n\n<span class='mb-center maxbutton-12-center'><span class='maxbutton-12-container mb-container'><a class=\"maxbutton-12 maxbutton maxbutton-cursar-preinscripcion-te\" target=\"_blank\" rel=\"noopener\" href=\"https:\/\/www.eoidigital.com\/preinsthatsaragon\/alumnos\"><span class='mb-text'>Preinscripci\u00f3n That&#039;s English<\/span><\/a><\/span><\/span>\n\n\n\n<p class=\"has-text-align-center\"> (pinchar en el bot\u00f3n para realizar preinscripci\u00f3n&nbsp;en That&#8217;s English) <\/p>\n\n\n\n<h5>LISTAS DE SOLICITUDES <\/h5>\n\n\n\n<p>Listados de solicitudes definitivas a fecha 26 de septiembre de 2025<\/p>\n\n\n\n<ul class=\"has-dark-gray-color has-text-color\"><li><a href=\"https:\/\/eoihuesca.org\/thatsenglish\/TE_LISTAS_HU.pdf\">EOI de Huesca<\/a><\/li><li><a href=\"https:\/\/eoihuesca.org\/thatsenglish\/TE_LISTAS_MON.pdf\">EOI de Monz\u00f3n<\/a><\/li><li><a href=\"https:\/\/eoihuesca.org\/thatsenglish\/TE_LISTAS_SAB.pdf\">EOI de Sabi\u00f1\u00e1nigo<\/a><\/li><\/ul>\n\n\n\n<h5><strong>ADJUDICACI\u00d3N DE VACANTES <\/strong><\/h5>\n\n\n\n<p>29 de septiembre de 2025<\/p>\n\n\n\n<p class=\"has-text-color\" style=\"color:#e92424\"><\/p>\n\n\n<span class='mb-center maxbutton-29-center'><span class='maxbutton-29-container mb-container'><a class=\"maxbutton-29 maxbutton maxbutton-cursar-matricula-te\" target=\"_blank\" rel=\"noopener\" href=\"http:\/\/www.thatsenglish.com\/matriculainternet\/nueva\"><span class='mb-text'>Matr\u00edcula That&#039;s English<\/span><\/a><\/span><\/span>\n\n\n\n<p class=\"has-text-align-center\"> (pinchar el el bot\u00f3n para realizar matr\u00edcula&nbsp;en That&#8217;s English) <\/p>\n","protected":false},"excerpt":{"rendered":"<p>Convocatoria de admisi\u00f3n al curso 2025-2026 (apartado Vigesimoprimero) Calendario de admisi\u00f3n Pruebas de clasificaci\u00f3n: Calendario&nbsp;y descripci\u00f3n Resultados: consultar accediendo a la p\u00e1gina de preinscripci\u00f3n Vacantes: a fecha 26\/09\/2025 (pinchar en el bot\u00f3n para realizar preinscripci\u00f3n&nbsp;en That&#8217;s English) LISTAS DE SOLICITUDES Listados de solicitudes definitivas a fecha 26 de septiembre de 2025 EOI de Huesca EOI [&hellip;]<\/p>\n","protected":false},"author":5,"featured_media":0,"parent":11,"menu_order":2,"comment_status":"closed","ping_status":"closed","template":"","meta":[],"_links":{"self":[{"href":"https:\/\/eoihuesca.org\/index.php?rest_route=\/wp\/v2\/pages\/4890"}],"collection":[{"href":"https:\/\/eoihuesca.org\/index.php?rest_route=\/wp\/v2\/pages"}],"about":[{"href":"https:\/\/eoihuesca.org\/index.php?rest_route=\/wp\/v2\/types\/page"}],"author":[{"embeddable":true,"href":"https:\/\/eoihuesca.org\/index.php?rest_route=\/wp\/v2\/users\/5"}],"replies":[{"embeddable":true,"href":"https:\/\/eoihuesca.org\/index.php?rest_route=%2Fwp%2Fv2%2Fcomments&post=4890"}],"version-history":[{"count":69,"href":"https:\/\/eoihuesca.org\/index.php?rest_route=\/wp\/v2\/pages\/4890\/revisions"}],"predecessor-version":[{"id":7336,"href":"https:\/\/eoihuesca.org\/index.php?rest_route=\/wp\/v2\/pages\/4890\/revisions\/7336"}],"up":[{"embeddable":true,"href":"https:\/\/eoihuesca.org\/index.php?rest_route=\/wp\/v2\/pages\/11"}],"wp:attachment":[{"href":"https:\/\/eoihuesca.org\/index.php?rest_route=%2Fwp%2Fv2%2Fmedia&parent=4890"}],"curies":[{"name":"wp","href":"https:\/\/api.w.org\/{rel}","templated":true}]}}