{"id":4316,"date":"2019-06-21T19:50:38","date_gmt":"2019-06-21T17:50:38","guid":{"rendered":"http:\/\/eoihuesca.org\/?page_id=4316"},"modified":"2025-10-29T10:44:03","modified_gmt":"2025-10-29T09:44:03","slug":"italiano","status":"publish","type":"page","link":"https:\/\/eoihuesca.org\/?page_id=4316","title":{"rendered":"Italiano"},"content":{"rendered":"\n<p>CONTACTO: italiano@eoihuesca.org<\/p>\n\n\n\n<p>PROGRAMACI\u00d3N DID\u00c1CTICA<\/p>\n\n\n\n<p><a href=\"https:\/\/eoihuesca.org\/?page_id=6430\">Curr\u00edculos<\/a><\/p>\n\n\n\n<figure class=\"wp-block-table\"><table><tbody><tr><td>Contenidos<\/td><td><a href=\"https:\/\/drive.google.com\/file\/d\/1OvGlLsElWCB0qMH9W8i9Yp6gHwSH-TQ0\/view?usp=sharing\" target=\"_blank\" rel=\"noreferrer noopener\">A1<\/a><\/td><td><a href=\"https:\/\/drive.google.com\/file\/d\/1-RkXXCQcF9AcLZkIpCVXN4UwAgF0Nq-Q\/view?usp=sharing\" target=\"_blank\" rel=\"noreferrer noopener\">A2<\/a><\/td><td><a href=\"https:\/\/drive.google.com\/file\/d\/1ALc6FoMrNBrtaWvbP0xG93TaDVmxYfeX\/view?usp=sharing\" target=\"_blank\" rel=\"noreferrer noopener\">B1<\/a><\/td><td><a href=\"https:\/\/drive.google.com\/file\/d\/16MpefiyE0R1u3gL79_xpf288x-E44EZX\/view?usp=sharing\" target=\"_blank\" rel=\"noreferrer noopener\">B2.1<\/a><\/td><td><a href=\"https:\/\/drive.google.com\/file\/d\/1rWM57YQjKU63Zk-QoPJxgxPrdZ28kZtz\/view?usp=sharing\" target=\"_blank\" rel=\"noreferrer noopener\">B2.2<\/a><\/td><\/tr><\/tbody><\/table><\/figure>\n\n\n\n<p>EVALUACI\u00d3N: <a href=\"https:\/\/eoihuesca.org\/?page_id=6408\">consultar aqu\u00ed<\/a><\/p>\n\n\n\n<p>Consulta tus resultados en tu m\u00f3vil con la <a href=\"http:\/\/informaticacentros.com\/detecta.php\">APP CentrosNet<\/a>&nbsp;(m\u00e1s info en tu zona de usuario &#8211; pesta\u00f1a General)<\/p>\n\n\n\n<ul class=\"has-blue-color has-text-color\"><li><a href=\"https:\/\/eoihuesca.org\/escuela\/AAitaliano.pdf\">Horario de atenci\u00f3n al alumno<\/a><\/li><li><a href=\"https:\/\/eoihuesca.org\/escuela\/lib_italiano.pdf\">Bibliograf\u00eda: libros de texto<\/a><\/li><li><a href=\"https:\/\/eoihuesca.org\/italiano\/enlaces_italiano.pdf\">Enlaces de inter\u00e9s<\/a><\/li><\/ul>\n\n\n\n<p><\/p>\n","protected":false},"excerpt":{"rendered":"<p>CONTACTO: italiano@eoihuesca.org PROGRAMACI\u00d3N DID\u00c1CTICA Curr\u00edculos Contenidos A1 A2 B1 B2.1 B2.2 EVALUACI\u00d3N: consultar aqu\u00ed Consulta tus resultados en tu m\u00f3vil con la APP CentrosNet&nbsp;(m\u00e1s info en tu zona de usuario &#8211; pesta\u00f1a General) Horario de atenci\u00f3n al alumno Bibliograf\u00eda: libros de texto Enlaces de inter\u00e9s<\/p>\n","protected":false},"author":5,"featured_media":0,"parent":12,"menu_order":4,"comment_status":"closed","ping_status":"closed","template":"","meta":[],"_links":{"self":[{"href":"https:\/\/eoihuesca.org\/index.php?rest_route=\/wp\/v2\/pages\/4316"}],"collection":[{"href":"https:\/\/eoihuesca.org\/index.php?rest_route=\/wp\/v2\/pages"}],"about":[{"href":"https:\/\/eoihuesca.org\/index.php?rest_route=\/wp\/v2\/types\/page"}],"author":[{"embeddable":true,"href":"https:\/\/eoihuesca.org\/index.php?rest_route=\/wp\/v2\/users\/5"}],"replies":[{"embeddable":true,"href":"https:\/\/eoihuesca.org\/index.php?rest_route=%2Fwp%2Fv2%2Fcomments&post=4316"}],"version-history":[{"count":65,"href":"https:\/\/eoihuesca.org\/index.php?rest_route=\/wp\/v2\/pages\/4316\/revisions"}],"predecessor-version":[{"id":7422,"href":"https:\/\/eoihuesca.org\/index.php?rest_route=\/wp\/v2\/pages\/4316\/revisions\/7422"}],"up":[{"embeddable":true,"href":"https:\/\/eoihuesca.org\/index.php?rest_route=\/wp\/v2\/pages\/12"}],"wp:attachment":[{"href":"https:\/\/eoihuesca.org\/index.php?rest_route=%2Fwp%2Fv2%2Fmedia&parent=4316"}],"curies":[{"name":"wp","href":"https:\/\/api.w.org\/{rel}","templated":true}]}}